{"id":100,"date":"2015-04-23T13:28:16","date_gmt":"2015-04-23T13:28:16","guid":{"rendered":"http:\/\/merles.ca\/?page_id=100"},"modified":"2015-04-23T19:41:13","modified_gmt":"2015-04-23T19:41:13","slug":"monsonics","status":"publish","type":"page","link":"http:\/\/merles.ca\/?page_id=100","title":{"rendered":"Monsonics"},"content":{"rendered":"<p>[vc_row full_width=&#8221;&#8221;][vc_column width=&#8221;1\/3&#8243;][vc_single_image image=&#8221;58&#8243; border_color=&#8221;grey&#8221; img_link_large=&#8221;&#8221; img_link_target=&#8221;_self&#8221; img_size=&#8221;full&#8221;][\/vc_column][vc_column width=&#8221;1\/3&#8243;][vc_column_text]<span style=\"color: #ff0000;\"><em>Mosonics,\u00a0<span style=\"color: #000000;\">Jocelyn Robert<\/span><\/em><\/span><\/p>\n<p><span class=\"Apple-style-span\">Monsonics est une s\u00e9rie de pi\u00e8ces faites pour la ville de Mons, en Belgique, lors du Festival <a href=\"http:\/\/http:\/\/citysonic.be\" target=\"_blank\">Citysonic<\/a> de 2009.<\/span><\/p>\n<p>Deux des pi\u00e8ces ont \u00e9t\u00e9 compos\u00e9es comme marches sonores t\u00e9l\u00e9chargeables sur lecteur MP3, accompagn\u00e9es d&#8217;une carte de trajets correspondants.\u00a0Les deux autres pi\u00e8ces sont des improvisations r\u00e9alis\u00e9es pendant le festival. L&#8217;enregistrement est d&#8217;abord paru sur disque vinyl chez <a href=\"http:\/\/www.hronir.de\" target=\"_blank\">Hr\u00f6nir<\/a>, Berlin (hr0067).[\/vc_column_text][\/vc_column][vc_column width=&#8221;1\/3&#8243;][vc_column_text]<em><span style=\"color: #ff0000;\">Monsonics,\u00a0<span style=\"color: #000000;\">Jocelyn Robert<\/span><\/span><\/em><\/p>\n<p><span class=\"Apple-style-span\">Monsonics is a series of audio works made for the city of Mons, in Belgium, as part of the 2009 <a href=\"http:\/\/http:\/\/citysonic.be\" target=\"_blank\">Citysonics<\/a> festival.<\/span><\/p>\n<p>Two of the pieces were soundwalks made to be downloaded on an mp3 player with a map of the paths to follow in the city while listening to the pieces. The two other pieces are improvisations made during the festival. The recording was first published on vinyl lp by <a href=\"http:\/\/%20www.hronir.de\" target=\"_blank\">Hr\u00f6nir<\/a>, Berlin (hr0067).[\/vc_column_text][\/vc_column][\/vc_row][vc_row][vc_column width=&#8221;1\/1&#8243;][vc_separator color=&#8221;grey&#8221; align=&#8221;align_center&#8221; border_width=&#8221;4&#8243;][\/vc_column][\/vc_row][vc_row full_width=&#8221;&#8221;][vc_column width=&#8221;1\/3&#8243;][vc_column_text]<\/p>\n<p style=\"text-align: center;\"><a href=\"http:\/\/www.hronir.de\/Jocelyn_Robert.html\" target=\"_blank\">Communiqu\u00e9 \/ Press Release<\/a><\/p>\n<p>[\/vc_column_text][\/vc_column][vc_column width=&#8221;1\/3&#8243;][vc_column_text]<\/p>\n<p style=\"text-align: center;\"><a href=\"https:\/\/itunes.apple.com\/ca\/album\/monsonics\/id596800125?l=fr\" target=\"_blank\">T\u00e9l\u00e9chargement \/ Download<\/a><\/p>\n<p>[\/vc_column_text][\/vc_column][vc_column width=&#8221;1\/3&#8243;][vc_column_text]<\/p>\n<p style=\"text-align: center;\"><a href=\"http:\/\/www.cdbaby.com\/cd\/jocelynrobert4\" target=\"_blank\">Pour acheter le CD \/ Buy CD<\/a><\/p>\n<p>[\/vc_column_text][\/vc_column][\/vc_row][vc_row][vc_column width=&#8221;1\/1&#8243;][vc_separator color=&#8221;grey&#8221; align=&#8221;align_center&#8221; border_width=&#8221;4&#8243;][\/vc_column][\/vc_row][vc_row][vc_column width=&#8221;1\/1&#8243;][vc_column_text]<em>&#8220;Monsonics forms experimental sound collages that seems to plug in to Radio Earth as it dips into the music, noises, static detritus, found sounds and general polka dot sonics of everyday life.&#8221;<\/em><br \/>\n&#8211; HiFi World<\/p>\n<p><em>&#8220;[&#8230;] mit einer geradezu sommerlich melodischen A-Seite inklusive perlendem Piano und einer merklich abget\u00f6nteren B-Seite mit Verzerrerrauschen, Kettenrasseln und Stimmenkleinhack.&#8221;<\/em><br \/>\n&#8211; De:Bug<\/p>\n<p><em>&#8220;D&#8217;un c\u00f4t\u00e9, une musique \u00e9lectroacoustique qui joue sur la m\u00e9tamorphose des sources et un jeu avec l&#8217;anecdote, et de l&#8217;autre un jeu live bas\u00e9 sur l&#8217;accumulation en temps r\u00e9el plus proche par exemple de Pierre-Andr\u00e9 Arcand.&#8221;<\/em><br \/>\n&#8211; Metamkine[\/vc_column_text][\/vc_column][\/vc_row][vc_row][vc_column width=&#8221;1\/1&#8243;][vc_separator color=&#8221;grey&#8221; align=&#8221;align_center&#8221; border_width=&#8221;4&#8243;][\/vc_column][\/vc_row]<\/p>\n","protected":false},"excerpt":{"rendered":"<p>[vc_row full_width=&#8221;&#8221;][vc_column width=&#8221;1\/3&#8243;][vc_single_image image=&#8221;58&#8243; border_color=&#8221;grey&#8221; img_link_large=&#8221;&#8221; img_link_target=&#8221;_self&#8221; img_size=&#8221;full&#8221;][\/vc_column][vc_column width=&#8221;1\/3&#8243;][vc_column_text]Mosonics,\u00a0Jocelyn Robert Monsonics est une s\u00e9rie de pi\u00e8ces faites pour la ville de Mons, en Belgique, lors du Festival Citysonic de 2009. Deux des pi\u00e8ces ont \u00e9t\u00e9 compos\u00e9es comme marches sonores t\u00e9l\u00e9chargeables sur lecteur MP3, accompagn\u00e9es d&#8217;une carte de trajets correspondants.\u00a0Les deux autres pi\u00e8ces sont des improvisations &#8230; <a class=\"read-more\" href=\"http:\/\/merles.ca\/?page_id=100\">Read more<\/a><\/p>\n","protected":false},"author":1,"featured_media":0,"parent":47,"menu_order":0,"comment_status":"closed","ping_status":"open","template":"","meta":[],"_links":{"self":[{"href":"http:\/\/merles.ca\/index.php?rest_route=\/wp\/v2\/pages\/100"}],"collection":[{"href":"http:\/\/merles.ca\/index.php?rest_route=\/wp\/v2\/pages"}],"about":[{"href":"http:\/\/merles.ca\/index.php?rest_route=\/wp\/v2\/types\/page"}],"author":[{"embeddable":true,"href":"http:\/\/merles.ca\/index.php?rest_route=\/wp\/v2\/users\/1"}],"replies":[{"embeddable":true,"href":"http:\/\/merles.ca\/index.php?rest_route=%2Fwp%2Fv2%2Fcomments&post=100"}],"version-history":[{"count":6,"href":"http:\/\/merles.ca\/index.php?rest_route=\/wp\/v2\/pages\/100\/revisions"}],"predecessor-version":[{"id":155,"href":"http:\/\/merles.ca\/index.php?rest_route=\/wp\/v2\/pages\/100\/revisions\/155"}],"up":[{"embeddable":true,"href":"http:\/\/merles.ca\/index.php?rest_route=\/wp\/v2\/pages\/47"}],"wp:attachment":[{"href":"http:\/\/merles.ca\/index.php?rest_route=%2Fwp%2Fv2%2Fmedia&parent=100"}],"curies":[{"name":"wp","href":"https:\/\/api.w.org\/{rel}","templated":true}]}}