{"id":82,"date":"2015-04-22T18:17:10","date_gmt":"2015-04-22T18:17:10","guid":{"rendered":"http:\/\/merles.ca\/?page_id=82"},"modified":"2015-04-23T19:59:04","modified_gmt":"2015-04-23T19:59:04","slug":"piano-seul","status":"publish","type":"page","link":"http:\/\/merles.ca\/?page_id=82","title":{"rendered":"Piano seul"},"content":{"rendered":"<p>[vc_row full_width=&#8221;&#8221;][vc_column width=&#8221;1\/3&#8243;][vc_single_image image=&#8221;44&#8243; border_color=&#8221;grey&#8221; img_link_large=&#8221;&#8221; img_link_target=&#8221;_self&#8221; img_size=&#8221;full&#8221;][\/vc_column][vc_column width=&#8221;1\/3&#8243;][vc_column_text]<span style=\"color: #ff0000;\"><em>Piano seul,<span style=\"color: #000000;\"> Jocelyn Robert<\/span><br \/>\n<\/em><\/span><\/p>\n<p>Jocelyn Robert \u00e9crit de la musique pour le piano Disklavier depuis 1992. Alors que sa premi\u00e8re publication,\u00a0 <em>Le Piano Flou<\/em>, a men\u00e9 \u00e0 quelques concerts, la plupart de ses compositions pour Disklavier qui suivirent furent des projets de studio. En 2014 Viviane Paradis, la directrice artistique du festival Mois Multi, lui a offert la chance de jouer en concert et il a profit\u00e9 de l\u2019occasion pour\u00a0 d\u00e9velopper de nouvelles pi\u00e8ces, bas\u00e9es sur l\u2019improvisation avec et dans des logiciels qu\u2019il a \u00e9crit pour le projet. Les pi\u00e8ces du <em>Piano seul<\/em> ont donc \u00e9t\u00e9 compos\u00e9es comme des improvisations \u00e0 l\u2019int\u00e9rieur de structures, de la musique libre qui trace son chemin au travers de cl\u00f4tures et de voies trac\u00e9es&#8230; Ceux qui ont appr\u00e9ci\u00e9 <em><a href=\"http:\/\/gdstereo.com\/recordings\/gd023-jocelyn-robert-cycloides\" target=\"_blank\">Cycloides<\/a><\/em>, son plus r\u00e9cent disque publi\u00e9 par GD Stereo seront en terrain connu.[\/vc_column_text][\/vc_column][vc_column width=&#8221;1\/3&#8243;][vc_column_text]<em><span style=\"color: #ff0000;\">Piano seul, Spring 2015<\/span><\/em><\/p>\n<p>Jocelyn Robert has been writing music for the Disklavier piano since 1992. While his first work <em>Le Piano Flou<\/em>, a double-cd set, led to several concert appearances, most of his following works for Disklavier have been studio projects. In 2014 Viviane Paradis, the artistic director of the festival Mois Multi, offered him the chance to play live and he jumped on the occasion to develop new works based on improvisation with and within software that he wrote for the project. The pieces on <em>Piano seul<\/em> have all been written in this context and feature improvisation within structures, free music making its way through fences and pre-drawn roads&#8230; Those who enjoyed his <em><a href=\"http:\/\/gdstereo.com\/recordings\/gd023-jocelyn-robert-cycloides\" target=\"_blank\">Cycloides<\/a><\/em> cd, released last year on GD Stereo will be on familiar grounds[\/vc_column_text][\/vc_column][\/vc_row][vc_row][vc_column width=&#8221;1\/1&#8243;][vc_separator color=&#8221;grey&#8221; align=&#8221;align_center&#8221; border_width=&#8221;4&#8243;][\/vc_column][\/vc_row][vc_row full_width=&#8221;&#8221;][vc_column width=&#8221;1\/3&#8243;][vc_column_text]<\/p>\n<p style=\"text-align: center;\"><a href=\"http:\/\/merles.ca\/wp-content\/uploads\/2015\/04\/seul-communique-fr-03.pdf\" target=\"_blank\">Communiqu\u00e9<\/a> \/ <a href=\"http:\/\/merles.ca\/wp-content\/uploads\/2015\/04\/seul-communique-en-03.pdf\" target=\"_blank\">Press Release<\/a><\/p>\n<p>[\/vc_column_text][\/vc_column][vc_column width=&#8221;1\/3&#8243;][vc_column_text]<\/p>\n<p style=\"text-align: center;\"><a href=\"https:\/\/itunes.apple.com\/ca\/album\/piano-seul\/id984095353?l=fr\" target=\"_blank\">T\u00e9l\u00e9chargement \/ Download<\/a><\/p>\n<p>[\/vc_column_text][\/vc_column][vc_column width=&#8221;1\/3&#8243;][vc_column_text]<\/p>\n<p style=\"text-align: center;\"><a href=\"http:\/\/www.cdbaby.com\/cd\/jocelynrobert6\" target=\"_blank\">Pour acheter le CD \/ Buy CD<\/a><\/p>\n<p>[\/vc_column_text][\/vc_column][\/vc_row][vc_row][vc_column width=&#8221;1\/1&#8243;][vc_separator color=&#8221;grey&#8221; align=&#8221;align_center&#8221; border_width=&#8221;4&#8243;][\/vc_column][\/vc_row]<\/p>\n","protected":false},"excerpt":{"rendered":"<p>[vc_row full_width=&#8221;&#8221;][vc_column width=&#8221;1\/3&#8243;][vc_single_image image=&#8221;44&#8243; border_color=&#8221;grey&#8221; img_link_large=&#8221;&#8221; img_link_target=&#8221;_self&#8221; img_size=&#8221;full&#8221;][\/vc_column][vc_column width=&#8221;1\/3&#8243;][vc_column_text]Piano seul, Jocelyn Robert Jocelyn Robert \u00e9crit de la musique pour le piano Disklavier depuis 1992. Alors que sa premi\u00e8re publication,\u00a0 Le Piano Flou, a men\u00e9 \u00e0 quelques concerts, la plupart de ses compositions pour Disklavier qui suivirent furent des projets de studio. En 2014 Viviane Paradis, &#8230; <a class=\"read-more\" href=\"http:\/\/merles.ca\/?page_id=82\">Read more<\/a><\/p>\n","protected":false},"author":1,"featured_media":0,"parent":47,"menu_order":0,"comment_status":"closed","ping_status":"open","template":"","meta":[],"_links":{"self":[{"href":"http:\/\/merles.ca\/index.php?rest_route=\/wp\/v2\/pages\/82"}],"collection":[{"href":"http:\/\/merles.ca\/index.php?rest_route=\/wp\/v2\/pages"}],"about":[{"href":"http:\/\/merles.ca\/index.php?rest_route=\/wp\/v2\/types\/page"}],"author":[{"embeddable":true,"href":"http:\/\/merles.ca\/index.php?rest_route=\/wp\/v2\/users\/1"}],"replies":[{"embeddable":true,"href":"http:\/\/merles.ca\/index.php?rest_route=%2Fwp%2Fv2%2Fcomments&post=82"}],"version-history":[{"count":6,"href":"http:\/\/merles.ca\/index.php?rest_route=\/wp\/v2\/pages\/82\/revisions"}],"predecessor-version":[{"id":159,"href":"http:\/\/merles.ca\/index.php?rest_route=\/wp\/v2\/pages\/82\/revisions\/159"}],"up":[{"embeddable":true,"href":"http:\/\/merles.ca\/index.php?rest_route=\/wp\/v2\/pages\/47"}],"wp:attachment":[{"href":"http:\/\/merles.ca\/index.php?rest_route=%2Fwp%2Fv2%2Fmedia&parent=82"}],"curies":[{"name":"wp","href":"https:\/\/api.w.org\/{rel}","templated":true}]}}